et z be b(s). What is c(z)?
3
Let q(h) = -h**2 + 31 - 2*h - 26 - 3. Let f(c) = c**2 + 5*c + 3. Let a be (-7)/1*1 + 2. Let j be f(a). Calculate q(j).
-13
Let n(x) = -x**3 - 4*x**2 - 5*x - 6. Let b = -26 + 28. Suppose -b*q = -5*d - 2, 6*d + 5 = 5*q + 2*d. Let s = -3 - q. Give n(s).
14
Let y(h) = -h**3 - 3*h**2 - 2*h - 1. Let s = 215 - 219. What is y(s)?
23
Let g(k) be the second derivative of k**6/720 - k**5/120 - 5*k**4/12 - 17*k. Let u(a) be the third derivative of g(a). Suppose 3*w + 2 = -16. Calculate u(w).
-7
Let o(h) = 5*h**2 - 2*h - 1. Suppose -12 = 3*i - 0*i. Let d be (1/i)/((-3)/(-12)). Calculate o(d).
6
Let h(i) = -6*i**2 + 7*i - 10. Let k(x) = x**2 + 1. Let q(t) = h(t) + 5*k(t). Suppose -4*a + 60 = 6*a. What is q(a)?
1
Let h(z) = z**2 - 7*z - 3. Let m = 45 + -42. Suppose 3*k - m = 15. Give h(k).
-9
Let f(d) = -2*d - 9. Let w be f(-6). Let r(h) = -h + 2 + 0*h - 6*h**2 + 4*h**2 - w. What is r(-2)?
-7
Let u(i) = 5*i + 1. Let o(w) = 2*w. Let s(g) = -11*o(g) + 4*u(g). Let k(d) = 3*d + 3. Let p be k(-1). Suppose 4*c + p*c = 16. Determine s(c).
-4
Let v(i) be the second derivative of 17*i + 1/2*i**2 + 0 + 2/3*i**3. Determine v(1).
5
Suppose 0 = 2*h - 4 - 2. Suppose 4*s - 24 = -y, -4 + 92 = 5*y + 4*s. Suppose -h*o + o = y. Let f(n) = -2*n - 10. What is f(o)?
6
Let w(k) = 6*k + 26 - 9*k**2 + 6*k**2 - 62 + 26 + 2*k**2. What is w(4)?
-2
Let z(o) = -o**2 - 3. Let n be z(4). Let l = n + 15. Let b(f) = -1 + 2 + 1 - 3*f + 2*f. Calculate b(l).
6
Suppose 5*i = 25, 3*l + 5*i = -0*i + 31. Suppose 3*b + 54 = -3*c, -l*b = -c + 2*b + 7. Let m(w) = -w - 11. Determine m(c).
2
Let j = 52 - 50. Suppose 0 = 6*o - 2*o - 3*w + 34, -31 = 5*o + j*w. Let u(l) = l**3 + 8*l**2 + 7*l - 1. Calculate u(o).
-1
Let a(v) = v**2 + 2*v - 1. Suppose t + u + 4 = 0, -4*t - 8 = -3*t - 3*u. Let n(c) = 2*c**2 + 3*c - 3. Let d(p) = t*a(p) + 3*n(p). Give d(5).
16
Suppose 0 = 2*l - 4*t + 4, 6 = l - 4*l - 3*t. Let z be l/(21/(-6) - -3). Let m(w) = -3*w. What is m(z)?
-12
Let x(s) = -s**3 - 7*s**2 - 5*s - 2. Let v = -300 + 297. Determine x(v).
-23
Let v(f) = f**2 - 8*f + 5. Suppose 2 = -3*u + 14. Suppose 12 - u = 4*l. Let z(i) = -i**3 + 4*i**2 - 3. Let g be z(l). Give v(g).
-10
Let m(o) = -o + 10. Let l = 108 - 110. Let x(z) = 3*z + 6. Let a be x(l). Determine m(a).
10
Suppose -3*o + k + 2 = 0, -9*o = -5*o + k + 2. Let v(g) = -g**3 + g**2 + 3. What is v(o)?
3
Let w = -41 + 68. Let u = w - 14. Let l(n) = -n + 16. Let t be l(u). Let q(c) = c + 1. What is q(t)?
4
Let c be -5 - ((-14)/(-63) - (-64)/36). Let t(f) = f - 2. Determine t(c).
-9
Let g(q) be the third derivative of -q**4/24 + 5*q**3/6 + 204*q**2. What is g(8)?
-3
Let m(n) = -n**3 + 2*n**2 + 13*n - 4. Let f(v) = -v**3 - 7*v**2 + 5. Let j be f(-7). Calculate m(j).
-14
Let b(h) = -h**2 + 4*h - 4. Let y = -341 - -348. Give b(y).
-25
Let j(l) = -4*l**3 + 8*l**2 + 4*l - 11. Let g(c) = -3*c**3 + 8*c**2 + 3*c - 9. Let w(k) = 5*g(k) - 4*j(k). What is w(-8)?
7
Let c(b) be the first derivative of -b**3/3 - b**2 + 9*b + 8. Let p be c(-5). Let v(h) be the third derivative of h**4/24 - 20*h**2. What is v(p)?
-6
Let l(p) = -4*p - 2*p**2 + 3*p + 0*p - 11*p**3. Let a(z) = -z**2 - z. Let h be a(-1). Let d = h + -1. Calculate l(d).
10
Let p(m) = -m + 7. Let r(a) be the third derivative of -a**4/24 + 13*a**3/6 + 27*a**2. Let w be r(7). Give p(w).
1
Let k(m) = -2*m**2 - 9*m - 21. Let h(g) = 5*g**2 + 19*g + 46. Let q(b) = -4*h(b) - 9*k(b). Determine q(3).
2
Let w(a) = -4*a + 9. Let x be -3*-2*(3 - 2). Calculate w(x).
-15
Suppose 0 = 8*w - 3*w - 120. Suppose 8*v = 2*v + w. Let y(k) = 9*k + v*k - 13*k + 4 - k**2. Give y(-4).
-12
Let x(z) = 63*z + 1 - 31*z - 30*z. Suppose 0 = -5*v + 5, 0*n + 5*n - 15 = -5*v. Let s be 1 + ((-8)/n - 1). Calculate x(s).
-7
Let u = -202 - -204. Let x(i) be the second derivative of -i**5/20 + i**4/3 - i**3/3 - i**2 - i. Calculate x(u).
2
Suppose 0 = q + 2, y + 2*q + 18 = -3*q. Let h(t) be the second derivative of 3 - 4/3*t**3 - 12*t + 5/2*t**2 - 1/12*t**4. Determine h(y).
5
Let a(s) = 7 + 4 - s**2 + 16 - 5 + 1 - 22*s. Determine a(-23).
0
Let s(o) = o - 11. Let v = -170 + 312. Let t = v - 137. Calculate s(t).
-6
Let v(m) = 9*m - 77. Let q be v(8). Let j be (-2)/10 + 26/5. Let w(x) = 0*x + j - 2 + x. Give w(q).
-2
Let z(r) = 2*r**3 + 11*r**2 + 6*r - 1. Let b be z(-5). Let m(p) = p**2 + 5*p - 5. Let s be m(b). Let i(k) = 6*k - 1. Determine i(s).
5
Let y(l) = l**3 - 5*l**2 + 4*l. Suppose 1 = j - 2. Give y(j).
-6
Let x = 2541 - 2551. Let w(b) = -b**3 - 11*b**2 - 14*b - 14. What is w(x)?
26
Let m(s) = 2*s**3 + 16*s**2 - 22*s - 27. Let v be m(-9). Let g(w) = -w**3 + 8*w**2 + 9*w - 11. Determine g(v).
-11
Let l(q) = -q**2 - 34*q - 2 + 30*q - 11*q + 2*q**2. Determine l(12).
-38
Let j be (-20)/(-6) - 2/6. Let d(l) = -5*l**2 + 1 + 0 + 0*l + l**j - l. Suppose -u = -4*m - 4*u + 29, 0 = 4*m - 3*u - 11. Give d(m).
-4
Let v be -5*(-9)/(-15) + -8. Let t(k) = k**3 + 12*k**2 + 5*k - 19. Give t(v).
47
Suppose -5*w - 1 = 2*c - 24, -3*c + 12 = 0. Suppose 0 = 2*b - 4*a - 9 - 5, 6 = -2*a. Let l(u) = -u**w - 5*u**2 + 3*u + b + u**2 + 2*u**3 + u. What is l(3)?
4
Let s(a) be the first derivative of a**4/4 - a**3 + 5*a**2/2 - 2*a - 172. Determine s(3).
13
Suppose -4*s - 8 = -20. Let x(g) be the first derivative of -g**5/20 + g**4/4 + 2*g**2 + 2*g - 4. Let l(y) be the first derivative of x(y). Give l(s).
4
Let i be 9/(-6) - 6/(60/(-125)). Suppose -10*q + 6*q + y - i = 0, -3*q + 3 = 3*y. Let c(x) = 3*x**2 - 2 - 1 - 2*x + 0*x**2 + x**3. Calculate c(q).
5
Suppose -2*s + c + 58 = -2*c, 4*s - 102 = -c. Suppose 0 = 3*p + 8 - s. Let j be (-1)/p + 93/18. Let w(h) = -h**2 + 6*h - 1. Calculate w(j).
4
Suppose w + 3*g - 7 = 0, 3*g = w - g. Let o(r) = -12*r + 4. What is o(w)?
-44
Suppose -2*g + 4*g = 460. Let v(l) = -3 + 3 + 4 + g*l - 227*l. Give v(-5).
-11
Let j(t) = -t + 4. Let x(r) = -1. Let y(h) = j(h) + 2*x(h). Suppose -4*n + 2*a = -18, 2*n + 3 = -4*a + 27. Determine y(n).
-4
Let n(k) be the third derivative of k**5/60 - k**4/8 + 5*k**3/6 - 53*k**2. What is n(4)?
9
Let n be 8/(-7)*5 - (-14)/(-49). Let f(g) = -g + 1. Let m(v) = -6*v - 3. Let q(l) = -4*f(l) + m(l). Let y be q(n). Let r(j) = -j**2 + 3*j + 5. Give r(y).
-5
Let i(t) be the first derivative of 14*t**3 - t**2/2 + t - 57. Give i(1).
42
Let k(g) = g**2 - 17*g - 2. Let o(c) = -2*c**2 + 17*c + 1. Let a(h) = 3*k(h) + 2*o(h). Determine a(-16).
12
Let a(y) = -y**3 + 7*y**2 + 2*y - 10. Let u be a(7). Let x(s) = 9*s - 18. Let n(f) = f - 2. Let w(o) = -17*n(o) + 2*x(o). What is w(u)?
2
Let a(f) = -5*f - 7. Let q be (-5)/15*(-120)/((-48)/6). Determine a(q).
18
Let v(b) = b**2 + 5*b - 3. Suppose -3*s = 2 + 16. Let m(q) = q. Let r be m(s). Determine v(r).
3
Suppose -2*f + 0*f + 14 = 0. Let h(b) = -b - 7. Let k be h(2). Let s = f + k. Let i(l) = l + 1. Calculate i(s).
-1
Let z(y) = 2*y**3 - 3*y**2 - 2*y + 1. Let u(g) = -5*g - 67. Let b be u(-14). Determine z(b).
22
Let h(v) = 2*v + 8. Let x(k) be the third derivative of k**6/120 - k**5/60 - k**4/6 - k**3/6 + 2*k**2. Let b be x(3). Suppose b*u = -23 - 7. Give h(u).
-4
Let z(m) = m**2 + 5*m + 6. Let c(h) be the second derivative of h**4/12 + 13*h**3/6 - 9*h**2 - 23*h. Let b be c(-14). Give z(b).
2
Let h be (1 - 6/(-2))/(-1). Let a(p) = -250*p**3 + 6*p**2 - 2*p + 121*p**3 + 130*p**3 + 6*p - 2 + p. What is a(h)?
10
Suppose 3*b + 12 = -3*f, 10 = -f - 2*b + 2. Suppose f = 13*n - 4*n - 36. Let g(y) = y**2 + 2 + 0 - 4 - 4*y. What is g(n)?
-2
Let t(o) = -5*o**3 + 8*o**2 + 3*o - 4. Let d(x) = 5*x**3 - 10*x**2 - 5*x + 5. Let j(a) = -2*d(a) - 3*t(a). Determine j(2).
28
Suppose 0 = -0*a - 2*a + a. Suppose a = -5*v - 5*l, -2*v + 3*l = -2*l. Let f(k) = k. Calculate f(v).
0
Suppose p + 2 = -v + 3, -4*v - 1 = -p. Suppose 0 = d - v*d - 2. Let c(x) = 4 - x**d - 1 + 3 - 5*x + 2*x**2. What is c(4)?
2
Suppose 102*p + 5*j = 103*p, 0 = 4*j. Let u(h) be the third derivative of 4*h**2 + 0 + 1/24*h**4 + p*h - 1/6*h**3. Determine u(7).
6
Let f(l) be the third derivative of l**5/60 - l**4/6 - 5*l**3/6 + 18*l**2 + l. Determine f(3).
-8
Suppose -11 = -f - 8. Suppose f*b + 45 = -6*b. Let z(o) = o**2 + 2*o - 3. Determine z(b).
12
Suppose -78 = 4*n - 2. Let k = n + 19. Let p(w) = w - 7. What is p(k)?
-7
Let r(d) = -d**2 + 0*d**2 + 8 + 0*d - 6*d. Let v(x) = x**3 + 9*x**2 + 17*x + 14. Suppose -22